20356?
-2617032
In base 11, what is -4 + 435398?
435394
In base 9, what is -1 + 22201833?
22201832
In base 5, what is -132 + 122320313?
122320131
In base 15, what is -260a - -85e0?
5ed5
In base 11, what is 1242a31 + 6?
1242a37
In base 5, what is 2223012 + -1340443?
332014
In base 16, what is -1aee3 - 83?
-1af66
In base 15, what is -101e + -164?
-1183
In base 9, what is -45 - 787035?
-787081
In base 9, what is 63 - -50775?
50848
In base 16, what is 72c6d - b?
72c62
In base 7, what is -360 + -4104612?
-4105302
In base 4, what is -2113 - 32103130?
-32111303
In base 5, what is -200223 + 3032433?
2332210
In base 10, what is 2499 - 5817?
-3318
In base 8, what is -63706744 - -1?
-63706743
In base 16, what is 21d + -13c6a?
-13a4d
In base 10, what is -39172 + 267?
-38905
In base 9, what is 113 - -652826?
653040
In base 16, what is 457df0 - 14?
457ddc
In base 2, what is 1101100 + -100111100101001110?
-100111100011100010
In base 13, what is -44 - -10a184?
10a140
In base 13, what is ac84c64 - a?
ac84c57
In base 5, what is -120302414301 + -4?
-120302414310
In base 6, what is 253525135 - -4?
253525143
In base 12, what is 6a1a91 - 4?
6a1a89
In base 5, what is 3 + 222313?
222321
In base 11, what is -6579 + 10587?
5009
In base 5, what is -10 - 30223034131?
-30223034141
In base 7, what is -13241 + -52450?
-66021
In base 3, what is -120 - 2010001000?
-2010001120
In base 16, what is -afd - -e8a?
38d
In base 9, what is -2 - 101816507?
-101816510
In base 5, what is -10 + -1244332011?
-1244332021
In base 16, what is -116bb - -24d?
-1146e
In base 3, what is 11 + -22210020212110?
-22210020212022
In base 2, what is 11101001 - -1010011011100111?
1010011111010000
In base 6, what is 13 + 5433330421?
5433330434
In base 14, what is 95d181 - -9?
95d18a
In base 4, what is -101 - 2002032302?
-2002033003
In base 3, what is -12 - -11001221000010201?
11001221000010112
In base 4, what is 2311 - -213213303?
213222220
In base 3, what is -1000 - -20110001002111?
20110001001111
In base 10, what is 18547848 + -2?
18547846
In base 6, what is 125215421 + -2?
125215415
In base 7, what is 24511515 + -1665?
24506520
In base 7, what is -25546140 - 65?
-25546235
In base 3, what is 20100102122100000 - 10?
20100102122022220
In base 11, what is -3 - -176a7807?
176a7804
In base 15, what is 88d4 - -149?
8a2d
In base 9, what is -58718 + 1470?
-57238
In base 4, what is 13103220 - 2121?
13101033
In base 3, what is -1011010 + -1020010111211?
-1020011122221
In base 15, what is 3874 - -78a6?
b22a
In base 16, what is -fdf + 62f?
-9b0
In base 3, what is 101 - -10102101220011?
10102101220112
In base 13, what is 41 + 19cb9?
1a02a
In base 3, what is -12 - 2200210110100?
-2200210110112
In base 11, what is 1365 + 12705?
13a6a
In base 10, what is -84382 + -11?
-84393
In base 8, what is -1102607 - 1?
-1102610
In base 15, what is 301 + -c247?
-be46
In base 8, what is -243320025 + -4?
-243320031
In base 3, what is -10210 + 2011110101?
2011022121
In base 12, what is -22435 - -550?
-21aa5
In base 10, what is 2 - 1108303?
-1108301
In base 7, what is 0 + -13014621?
-13014621
In base 11, what is -20 + 57779?
57759
In base 14, what is 5 - -d8b399?
d8b3a0
In base 4, what is 101312 + 10102012?
10203330
In base 5, what is -330 + 1322102?
1321222
In base 13, what is -7 - -4a0269?
4a0262
In base 6, what is -4245501 + 1154?
-4244303
In base 8, what is 14612733 - 4?
14612727
In base 9, what is -2137435 - -560?
-2136765
In base 10, what is -120898 + 217?
-120681
In base 7, what is 200 + -35036362?
-35036162
In base 12, what is -4 - 25a299?
-25a2a1
In base 13, what is 7 + 1297109?
1297113
In base 3, what is 1002020 - -10122000022?
10200002112
In base 15, what is 56e9d - d?
56e90
In base 2, what is -1100100 + -10101101010111110010?
-10101101011001010110
In base 2, what is 10110010111100001111010110 + -11?
10110010111100001111010011
In base 2, what is 0 - 1011001010010001111011010111?
-1011001010010001111011010111
In base 10, what is -1 - -5193315?
5193314
In base 2, what is 11001101111 + 11011011101?
110101001100
In base 10, what is 28300 + -239?
28061
In base 9, what is 837 - 1785?
-847
In base 13, what is 15 + 2164654?
2164669
In base 2, what is -101 - -101001011110100011100100?
101001011110100011011111
In base 3, what is 12211101 - 110222001?
-21010200
In base 4, what is -21121300 - -1010101?
-20111133
In base 14, what is 10411d070 - 0?
10411d070
In base 10, what is -6700506 + 31?
-6700475
In base 14, what is -616 - 44c85?
-4549b
In base 16, what is -7 + 122068?
122061
In base 16, what is 5 + 1a15193?
1a15198
In base 9, what is -228481662 + 3?
-228481658
In base 11, what is -708703 - -5?
-7086a9
In base 16, what is -9854 + 6f?
-97e5
In base 5, what is 101102324002 - -1?
101102324003
In base 10, what is 138 + 115550?
115688
In base 11, what is 56 - 11a0846?
-11a07a0
In base 5, what is 124104323314 - 10?
124104323304
In base 15, what is -6 + ca06de?
ca06d8
In base 16, what is -17d + -155eb?
-15768
In base 13, what is -1a - 5665b33?
-5665b50
In base 6, what is -11142553 + 220?
-11142333
In base 4, what is -1203002021021 + -33?
-1203002021120
In base 13, what is -2ca1b75 - -4?
-2ca1b71
In base 4, what is -3101003 + 1310?
-3033033
In base 13, what is 4815 - 5122?
-60a
In base 5, what is 24232321 - 3?
24232313
In base 3, what is 0 + 20202202020221221?
20202202020221221
In base 5, what is -11014323334 - 4?
-11014323343
In base 16, what is -1ce + 1239?
106b
In base 4, what is 12121231 + 1032?
12122323
In base 6, what is 101024310 + -15?
101024251
In base 13, what is 14c88291 - -3?
14c88294
In base 13, what is -1538 + -8791c?
-89157
In base 11, what is 11080255 - -4?
11080259
In base 9, what is -78528 + 165?
-78353
In base 14, what is -1c - -1b6651?
1b6633
In base 8, what is 7073654 + 2?
7073656
In base 5, what is 332443312 + 11202?
333010014
In base 4, what is 131233231202 + 11?
131233231213
In base 5, what is -10120 + -11032243?
-11042413
In base 8, what is -27676 + -4065?
-33763
In base 15, what is -202ae9 + -2c?
-202b26
In base 6, what is 5 + 50300442?
50300451
In base 11, what is -460 + -8a176?
-8a626
In base 6, what is -14551542240 + -10?
-14551542250
In base 9, what is 13028078 - -30?
13028118
In base 8, what is -5522411 + -3?
-5522414
In base 8, what is -12256664 - -1?
-12256663
In base 12, what is 0 + -58a5621?
-58a5621
In base 6, what is 32031445 + -5?
32031440
In base 16, what is -3 + -ba821fb?
-ba821fe
In base 6, what is -13241101 + 23?
-13241034
In base 8, what is 3 - -26135012?
26135015
In base 9, what is 1163116 - 141?
1162865
In base 6, what is -3053 - 2210?
-5303
In base 5, what is 2034341003 - -3?
2034341011
In base 16, what is 38dad + -14?
38d99
In base 15, what is 8503 - -c7?
85ca
In base 7, what is 504540436 + 4?
504540443
In base 6, what is 10 + 2230234251?
2230234301
In base 8, what is 253715130 - 1?
253715127
In base 2, what is -11000000010010001000111 - -100?
-11000000010010001000011
In base 7, what is -4213 + 42520?
35304
In base 5, what is 11444 - -22433322?
23000321
In base 6, what is -4551 - -55414?
50423
In base 5, what is -2434030231 + -111?
-2434030342
In base 8, what is -376 + -1365372?
-1365770
In base 5, what is -3031320 - 233?
-3032103
In base 6, what is -32 - 2325550?
-2330022
In base 2, what is -1101001101100011001100010 + -100?
-1101001101100011001100110
In base 15, what is -1a447 + 4587?
-15db0
In base 12, what is -398893 + 12?
-398881
In base 12, what is -256b - 8aa4?
-b453
In base 11, what is -78010195 + -1?
-78010196
In base 11, what is 3 + 2a05733?
2a05736
In base 3, what is 211 + 2110012002012?
2110012010000
In base 8, what is 5 - -46540355?
46540362
In base 15, what is 1a208e22 - 4?
1a208e1d
In base 5, what is -4340344124 + -1?
-4340344130
In base 5, what is -122420 + 232421?
110001
In base 14, what is 25a303 - 63?
25a280
In base 2, what is -1000010111101101011000010110 + 0?
-1000010111101101011000010110
In base 16, what is -15f + 3b32?
39d3
In base 7, what is 0 + 143333?
143333
In base 3, what is -1022211102 - -2000022?
-1020211010
In base 15, what is -669154 - 3?
-669157
In base 2, what is 1101011111001000 - -101100001?
1101100100101001
In base 10, what is -4461014 + -6?
-4461020
In base 11, what is -4 - -10a17684?
10a17680
In base 6, what is -14343 - -100203?
41420
In base 10, what 